.
-7
Let o(w) = 6*w**2 + 2*w + 1. Suppose 8 = -2*l + 6. Calculate o(l).
5
Let m(w) be the second derivative of w**4/12 - 5*w**3/3 + 13*w**2/2 - 5*w - 6. Determine m(9).
4
Suppose -v - 29 = -5*f, v + 8 = -v. Let j(r) = -r + 12. Calculate j(f).
7
Let z(c) be the third derivative of c**7/1260 + c**6/720 - c**5/120 - c**4/24 + 2*c**2. Let y(s) be the second derivative of z(s). Give y(2).
9
Let z(n) = 1 + 4*n - 6*n + 0. Let b(s) = -s**2 - 8*s + 3. Suppose 3*h + 27 = -0*h. Let i(c) = h*z(c) + 2*b(c). Determine i(2).
-7
Let t(j) = j**3 - j**2 + 1. Let z(i) = -2*i**3 - 6*i**2 + 6. Let q(a) = 5*t(a) - z(a). Suppose -2 = -5*k + 3. Determine q(k).
7
Let i(o) = o + o**2 + 6 - 6. Let q be (-4)/((0 - -1) + -2). Let c be (-3)/(-12) - (-3)/q. Calculate i(c).
2
Suppose -2*g - 3*a - 10 = a, 0 = -4*g + 4*a + 28. Let s(y) be the third derivative of y**5/60 - 5*y**4/24 + 2*y**3/3 - 8*y**2. Give s(g).
-2
Suppose 8 = 4*f - 0. Let o(k) = 3*k**2 + k + 2. Let c(q) = 8*q**2 + 3*q + 5. Let d(j) = -4*c(j) + 11*o(j). Determine d(f).
4
Let q = -19 - -22. Let o(x) = -3*x**3 + 2*x**2 + 2*x. Let f(j) = 4*j**3 - 3*j**2 - 3*j - 1. Let t(i) = -4*f(i) - 5*o(i). Give t(q).
1
Let j be 24/13 + (-6)/(-39). Let n(v) = 0 + j*v - 1 - 5 - 3. Calculate n(7).
5
Let a(m) be the third derivative of -m**4/8 - m**3/6 - 20*m**2. Give a(-1).
2
Let u(i) be the first derivative of i**3/3 - 5*i**2/2 - 3*i - 14. Give u(4).
-7
Let j(s) = s + 5. Let u be -3*(1 - 0) + -2. Let o(w) = w**2 + 5*w + 5. Let d be o(u). Give j(d).
10
Let f(o) = o - 10. Let c(z) = z + 3*z - z - 2*z - 9. Let v(l) = 4*c(l) - 3*f(l). Let d be (-1 - 0 - -6)/1. Give v(d).
-1
Let o(z) be the first derivative of -z**2/2 + 4. Let u = -3 + 4. Give o(u).
-1
Let c(g) = 7 - 4*g**3 + 9*g**2 - 2*g**2 + 3*g**3 + 4*g - 5*g. Give c(7).
0
Let m be (1*(-2)/2)/(31/186). Let w(o) = -o**2 - 4*o - 5. Calculate w(m).
-17
Let j be (-4)/(-3)*(-6)/(-4). Suppose 0 = -j*c + 4*a - 12, -19 = -c - 3*a. Suppose 3*d = -y - c*y + 6, 0 = 3*d - y - 6. Let b(n) = n. Give b(d).
2
Let x be 7/1 + -4 - 3. Let l(a) = a - 3. What is l(x)?
-3
Let i be (11 - 1) + -4 + 6. Let l be 28/5 + i/30. Let m(o) = -o**2 + 6*o - 3. Give m(l).
-3
Let b(u) = -u**3 - 5*u**2 - 5*u - 5. Let a(h) = -h**2 - 5*h - 1. Let k be a(-4). Let o be (-42)/9 - (-2)/k. Determine b(o).
-1
Let k(w) be the third derivative of w**4/12 - w**3/6 + 8*w**2. Give k(-1).
-3
Let k(o) = -7 + o**2 - 12*o + 7*o + 8*o + 3*o. Give k(-6).
-7
Let n(g) be the first derivative of -g**4/4 + 4*g**3/3 + 5*g**2/2 - 2*g - 1. Suppose -3 = 3*x + 12. Let j be x/((-2 + 1)*1). Determine n(j).
-2
Let i(k) = 1 + 4 + k**2 - 4. Suppose -4*v + 1 + 13 = -3*n, -10 = -2*v. Determine i(n).
5
Let m(k) be the second derivative of k**4/6 + 2*k**3/3 + 3*k**2/2 - 4*k. What is m(-2)?
3
Let b(d) = -130 + 4*d + 250 - 124 - d**2. What is b(5)?
-9
Suppose 6 = 2*y - 2. Let u(t) = -y*t**2 - 4*t + 4 + 0*t + t + 5*t**2. Determine u(4).
8
Let r(d) be the third derivative of -d**6/120 + d**5/20 - d**4/8 + d**3/6 - 8*d**2. Determine r(3).
-8
Suppose -3 = 5*h + 22. Let b(x) = 2*x + 5. What is b(h)?
-5
Let w = 4 - 7. Let p = w + 6. Let r(n) = n**3 + 5 - 2 + 4*n**2 + n + 0*n**p. Determine r(-4).
-1
Let c be (2/(-6))/(4/48). Let p(o) = 3*o**3 + 2*o**2 - 3*o - 6. Let g(b) = 4*b**3 + b**2 - 3*b - 6. Let l(d) = 2*g(d) - 3*p(d). What is l(c)?
-6
Let n be (-1)/(2 - 10/4). Suppose 3*f - 1 = -0*c + c, 0 = n*f + 2*c + 10. Let w(r) = 5*r. Give w(f).
-5
Let f be (7 - 3)/(-16)*2*0. Let a(u) be the third derivative of 1/60*u**5 + f*u + u**3 + 1/4*u**4 - 3*u**2 + 0. What is a(-5)?
1
Let a(z) = z - 2*z + 2*z. Let h be a(1). Let m(y) = 0 + h - 3*y + 2. Determine m(3).
-6
Let v(f) = -5*f - 33*f**2 + 2*f + 34*f**2 - 4. Calculate v(6).
14
Let a be (-10)/4*(-16)/20. Let w(s) = -3*s + 1 + 4*s - s**2 - 2*s. What is w(a)?
-5
Let c(w) = -w**2 + 3*w. Suppose 4*y - 17 - 3 = 0. Suppose 0 = -y*r + 6*r - 3. Determine c(r).
0
Let x(j) be the second derivative of j**6/240 + j**5/20 - j**4/12 + j. Let s(r) be the third derivative of x(r). Suppose -2*m + 10 = 18. Determine s(m).
-6
Suppose -4*l + 2*l - 2*g - 12 = 0, -3*g + 3 = 0. Let v(r) = r**2 + 6*r + 3. Calculate v(l).
10
Let m(b) = 3*b**3 - b**2 + b - b**3 - 4*b**3 + 4*b**3. Determine m(1).
2
Let w(o) = -2*o**3 + o. Let y(j) = -j + 2. Let h(r) = r**3 - 8*r**2 + r - 6. Let i be h(8). Let d be (i/6)/(5/45). Let b be y(d). What is w(b)?
1
Let h(w) = -w**3 - 9*w**2 + w + 11. Let t be h(-9). Let s(p) = -2*p**2 + 3*p - 1. Give s(t).
-3
Let s = 43 + -47. Let v(a) = a**3 + 4*a**2 + a - 5. Give v(s).
-9
Let p(j) = -7*j + 1. Let v(s) be the first derivative of -2*s**2 + s - 3. Let i(z) = -3*p(z) + 5*v(z). Give i(4).
6
Let s(a) = -7*a**2 - 2*a - 1. Suppose 0 = -5*l - 3*m + 30, -3*m + 2*m = -4*l + 7. Let h be (-1)/l - (-20)/6. Let z be h/1 - (3 + 1). Give s(z).
-6
Let u be 3 - 5/((-15)/9). Let j(g) = -g**2 + 5*g - 4. What is j(u)?
-10
Let n(l) = 96*l - 184*l + 1 + 91*l. Let d be 16/(-7) + (-4)/(-14). Calculate n(d).
-5
Let j be (-3 - -4)/(-2*1/14). Let y(f) be the second derivative of f**5/20 + 7*f**4/12 - 2*f**2 - f. Determine y(j).
-4
Let w(i) be the third derivative of i**4/24 + i**3/6 - 12*i**2. What is w(5)?
6
Let x(z) be the second derivative of z**5/20 - z**4/3 - 2*z**3/3 - z**2/2 + 4*z. What is x(5)?
4
Let t(k) be the first derivative of 0*k**3 - 5*k + 1/4*k**4 + 0*k**2 + 2. Let c be 2/12 + (-7)/42. What is t(c)?
-5
Let n(c) = 3*c**3 + 9*c**2 - 20*c + 26. Let t(i) = -3*i**2 - 9 - 3*i**3 + 2*i**3 - 2*i + 9*i. Let s(x) = -4*n(x) - 11*t(x). Let f = 22 + -26. Determine s(f).
-1
Let g(m) = m**2 - 3*m + 3. Let f be g(3). Suppose -h + 8 = n - 4*h, 0 = -f*n + 5*h + 20. Let u(x) = x**3 - 6*x**2 + 8*x - 6. Calculate u(n).
9
Suppose 8 = 3*a + 4*b, 4*b - 8 = -0*a - 5*a. Let n(i) = -i**2 + i + 1. Determine n(a).
1
Let z be 1*(-2 + (1 - -4)). Suppose z*r = 12, b = 3*b - 4*r + 10. Let x(a) be the third derivative of a**5/30 - a**4/6 - a**3/6 + a**2. Calculate x(b).
5
Let c(n) = -2*n**2 - 8*n. Let k(o) = 2*o**2 + 9*o. Let s(u) = -6*c(u) - 5*k(u). Let w be ((-1)/3)/((-27)/(-162)). Give s(w).
2
Let s(o) = -o - 5 + 2 + 4. Let w = -5 - -2. Determine s(w).
4
Let i(k) = k**3 - 3*k**2 + 1. Suppose 4*d + 14 + 10 = 0. Let u be (-3)/d - (-39)/(-6). Let p = -3 - u. Give i(p).
1
Let p(i) = 3. Let q(u) = u + 4. Let b(v) = 6*p(v) - 5*q(v). Let o be 3/(-27)*-3*3. Let n(c) = -c - 1. Let j(a) = o*b(a) - 3*n(a). What is j(1)?
-1
Let p(r) = 6*r + 1 + r**3 + 3*r**2 - 3*r - 2. What is p(-3)?
-10
Let c be (-4)/(-2)*(0 - -1). Let q(u) be the second derivative of -u**6/240 + u**5/120 - u**4/4 + 4*u. Let b(k) be the third derivative of q(k). Give b(c).
-5
Let d be (-3)/12 - 9/12. Let p(o) = 9*o. What is p(d)?
-9
Let c(w) = -2*w**2 - 6*w + 12. Let g(i) = -3*i**2 - 7*i + 13. Let o(t) = -6*c(t) + 5*g(t). Let s(m) be the first derivative of o(m). Calculate s(1).
-5
Let y(i) = 6*i**2 + 5*i + 4. Let s(r) = -5*r**2 - 5*r - 3. Let n(z) = -5*s(z) - 4*y(z). Suppose 0*c + 25 = -4*w + 5*c, w + 6 = c. Let k = 1 + w. Give n(k).
-5
Suppose 10 = 5*o + 5*g, -2*g - 9 = -5*o + 1. Suppose o*m - 2 = m. Let v(w) = m - 9 + 4*w + w - w**2. Give v(5).
-7
Let d(l) = -l**2 - 3*l. Let q(u) = -2*u - 9. Let v be q(-7). Suppose 0 = -2*b - 2*w - w + 9, -3*b + 4*w + v = 0. Let h be (b - 0)*(-2)/3. Determine d(h).
2
Let h(s) = -s**2 - 5*s - 2. Let x(j) = -j**3 + 2*j - 2. Let i be x(0). What is h(i)?
4
Let b(l) = l + 44 - 44. Let k(s) = -2*s - 1. Let q(m) = 5*b(m) + 3*k(m). What is q(-5)?
2
Let a(m) be the second derivative of -m**5/20 + m**4/3 + 7*m**3/6 - 7*m**2/2 - m + 2. What is a(5)?
3
Let q(x) = 13*x**2 + 28*x + 4. Let c(w) = 3*w**2 + 7*w + 1. Let j(h) = -9*c(h) + 2*q(h). Determine j(-4).
11
Let d(z) = z + 2. Suppose 4*v - 25 = -v. Let r = 8 - v. Give d(r).
5
Suppose -2*i = 3*g - 2*g + 2, -5*g + 8 = i. Suppose 4*q = -5*c + 24, 2*q = -4*c + 1 + 17. Let t(l) = 1 - l - q. Determine t(g).
-2
Let d(t) = 0*t + 0*t + 2*t**2 - 6 + 3*t**2. Let p(q) = 9*q**2 - 11. Suppose -7 - 1 = -2*o. Let b(v) = o*p(v) - 7*d(v). What is b(-2)?
2
Let f(u) be the third derivative of -u**5/60 + u**4/24 + u**3/3 - 7*u**2. Determine f(2).
0
Let w(n) be the third derivative of 1/6*n**3 - 1/24*n**4 + 0*n - 6*n**2 + 0 + 1/15*n**5. What is w(1)?
4
Let g(s) = s + 3. Suppose -2*m + 6 = 5*w, -w + 3*w - 4*m = -12. What is g(w)?
3
Let p be (-1)